{"id":83,"date":"2025-04-24T10:18:03","date_gmt":"2025-04-24T08:18:03","guid":{"rendered":"http:\/\/nrvbgry.cluster100.hosting.ovh.net\/?page_id=83"},"modified":"2025-04-24T14:56:28","modified_gmt":"2025-04-24T12:56:28","slug":"sponsoring","status":"publish","type":"page","link":"https:\/\/bgms.be\/index.php\/sponsoring\/","title":{"rendered":"SPONSORING"},"content":{"rendered":"\n<p>NOS COMPETENCES AU SERVICE DE VOTRE PROJET<\/p>\n\n\n\n<p><strong>Vous \u00eates en recherche de partenaires financiers ?<\/strong><\/p>\n\n\n\n<ul class=\"wp-block-list\">\n<li><strong>Nous valorisons VOTRE activit\u00e9 et nous suscitons l\u2019int\u00e9r\u00eat \u00e0 y souscrire.<\/strong><\/li>\n\n\n\n<li><strong>Nous d\u00e9clenchons l\u2019envie de votre futur partenaire \u00e0 vous rejoindre par notre savoir faire, notre force de persuasion.<\/strong><\/li>\n<\/ul>\n\n\n\n<p>\u2013 m\u00e9thodes : nos actions f\u00e9d\u00e9ratrices, notre capacit\u00e9 de lobbying via nos r\u00e9seaux relationnels et professionnels\u2026<br>\u2013 exp\u00e9rience : le football \u00e0 l\u2019\u00e9chelon national, \u00e9v\u00e9nement gastronomique international, \u00e9curie automobile de prestige, festivals internationaux, \u2026<\/p>\n\n\n\n<p><strong>Nous les amenons d\u00e9j\u00e0 d\u00e9cid\u00e9s \u00e0 partager vos ambitions.<\/strong><\/p>\n","protected":false},"excerpt":{"rendered":"<p>NOS COMPETENCES AU SERVICE DE VOTRE PROJET Vous \u00eates en recherche de partenaires financiers ?&hellip;<\/p>\n","protected":false},"author":1,"featured_media":25,"parent":0,"menu_order":0,"comment_status":"closed","ping_status":"closed","template":"","meta":{"footnotes":""},"class_list":["post-83","page","type-page","status-publish","has-post-thumbnail","hentry"],"_links":{"self":[{"href":"https:\/\/bgms.be\/index.php\/wp-json\/wp\/v2\/pages\/83","targetHints":{"allow":["GET"]}}],"collection":[{"href":"https:\/\/bgms.be\/index.php\/wp-json\/wp\/v2\/pages"}],"about":[{"href":"https:\/\/bgms.be\/index.php\/wp-json\/wp\/v2\/types\/page"}],"author":[{"embeddable":true,"href":"https:\/\/bgms.be\/index.php\/wp-json\/wp\/v2\/users\/1"}],"replies":[{"embeddable":true,"href":"https:\/\/bgms.be\/index.php\/wp-json\/wp\/v2\/comments?post=83"}],"version-history":[{"count":15,"href":"https:\/\/bgms.be\/index.php\/wp-json\/wp\/v2\/pages\/83\/revisions"}],"predecessor-version":[{"id":188,"href":"https:\/\/bgms.be\/index.php\/wp-json\/wp\/v2\/pages\/83\/revisions\/188"}],"wp:featuredmedia":[{"embeddable":true,"href":"https:\/\/bgms.be\/index.php\/wp-json\/wp\/v2\/media\/25"}],"wp:attachment":[{"href":"https:\/\/bgms.be\/index.php\/wp-json\/wp\/v2\/media?parent=83"}],"curies":[{"name":"wp","href":"https:\/\/api.w.org\/{rel}","templated":true}]}}